 b(0). Suppose z = 4*f - 106 + 17, 42 = a*f + u*z. What are the prime factors of f?
2, 11
Let y be -5 + 245/(-1)*-1. Let d = -33 + y. What are the prime factors of d?
3, 23
Let a be (4/(-10))/(0 - (-2)/(-1420)). Suppose 0 = -3*m + 424 + a. What are the prime factors of m?
2, 59
Suppose 3*s - 1673 = 2*w, -3*s + 4*w + 1126 = -s. List the prime factors of s.
3, 5, 37
Suppose -5*f - 2*x = 32, -4 = -3*f - 4*x - 12. Let r(l) = -l**2 - 9*l - 2. Let c be r(f). Suppose -30 = -i - c. What are the prime factors of i?
2, 3
Let a(k) = 159*k**3 - 4*k**2 - 3*k. What are the prime factors of a(2)?
2, 5
Let a(x) be the first derivative of 4*x**3/3 + 6*x**2 + 3*x - 7. List the prime factors of a(-9).
3, 73
Let f(j) = j**3 + 12*j**2 + j + 8. Let g be 4/(-14) - (-4 + (-515)/(-35)). What are the prime factors of f(g)?
2, 59
Let v(j) = 2*j + 16. Let c be v(11). Let n = c + -29. List the prime factors of n.
3
Suppose 3*n = -n + 432. Suppose -224 = -2*r + 6*r. Let c = r + n. List the prime factors of c.
2, 13
Let y = -6 + 11. Suppose -836 = -11*m - 44. Suppose -i + 0*c - 5*c = -36, y*c = -2*i + m. What are the prime factors of i?
2, 3
Let j be (0 - 3)*34/6. Let m be (-4)/8*(-4)/8*20. What are the prime factors of (2/m)/(j/(-1700))?
2, 5
Let g(u) be the first derivative of -u**4/2 - 4*u**3/3 - 4*u + 9. What are the prime factors of g(-3)?
2, 7
Let o = 8 - -17. What are the prime factors of o?
5
Let s(j) = 102*j + 41. What are the prime factors of s(9)?
7, 137
Let a = 532 + 1854. What are the prime factors of a?
2, 1193
Let n(p) = -p**3 + 14*p**2 + 7. Let v be n(14). Suppose i = v - 9. Let b(m) = -20*m + 3. List the prime factors of b(i).
43
Suppose -3*d + 3*r - 60 = 0, -2*d - 34 = -3*r + 6. Let x = d - -30. List the prime factors of x.
2, 5
Suppose 9*o - 10*o - 16 = 0. Let l(i) = -5*i - 12. What are the prime factors of l(o)?
2, 17
Let l(j) = 3*j**2 - 3*j - 5. Let p be l(-5). List the prime factors of (-96)/(-60)*p/2.
2, 17
Let y = 80 + -56. Let g = y - -117. What are the prime factors of g?
3, 47
Suppose 2*f = -3*f + 2*c - 10, 3*f = -c - 6. Let s(m) = m**3 - 2*m - 3. Let w be s(f). Let j = w - -9. What are the prime factors of j?
2
List the prime factors of 2/14 + (5 - 4905/(-63)).
83
Suppose 2*v + 2*v = -4. Let g be 4 + v + 1 + -15. Let m = 35 + g. What are the prime factors of m?
2, 3
Let r(y) = -4*y. Let a be r(-1). Suppose 0 = -5*t - 6 - a. List the prime factors of -3*t/(-6)*-33.
3, 11
Let z = -143 - -158. Suppose -z*k + 1715 = -910. List the prime factors of k.
5, 7
Let h(o) = -3*o**3 - 3 - 1 + 6 + 2*o**3 + o**2. What are the prime factors of h(-3)?
2, 19
Let h(t) = t**3 - 7*t**2 + t + 9. Let d be h(7). Suppose d*i = 11*i + 240. List the prime factors of i.
2, 3
Suppose 0 = -s + 22 + 19. Let m = 145 - s. List the prime factors of m.
2, 13
Let c(g) = -20*g - 3 + 2 + 2. Let l = 83 - 84. List the prime factors of c(l).
3, 7
Let g(k) = 43*k**2 + 2*k - 2. Let r be (2/(-4))/(-1)*2. What are the prime factors of g(r)?
43
Let x be -1*(3 + 0)*1. Let d(i) be the third derivative of -5*i**4/24 - i**3/2 + 61*i**2. What are the prime factors of d(x)?
2, 3
Let w = 74 - 38. Let o = w + -30. List the prime factors of o.
2, 3
Suppose 9 = -5*n + 9. Suppose 3*a - 2*r - 11 = 0, n = 2*a - 7*a + 5*r + 10. What are the prime factors of a?
7
Suppose 0 = 2*t - 2*q + 18, -3*t + 3*q = 6*q - 3. Let u(w) = -w + 4. Let l be u(t). Let d(g) = -g + 12. What are the prime factors of d(l)?
2
Let g = 7 - 5. Let k(n) = -4*n**2 + 3*n - 2. Let p be k(g). Let m(h) = h**3 + 12*h**2 + 14. List the prime factors of m(p).
2, 7
Let l = 73 - 53. Suppose 14*s - 4*s - l = 0. List the prime factors of s.
2
What are the prime factors of 2 - -1533 - 22/((-33)/(-3))?
3, 7, 73
Suppose 8 = -0*q + 4*q. Let g(i) = 4*i**2 - 2 - 7*i**q + 4*i**2 - 15*i. What are the prime factors of g(16)?
2, 7
Suppose 2*b + 3*b - 5*o = 1205, -3*b + 718 = 2*o. What are the prime factors of b?
2, 3, 5
Suppose -j + 262 = -205. List the prime factors of j.
467
Suppose -s = 3*b - 64, 324 = 4*s - 3*b - 2*b. Let x = -392 - -389. What are the prime factors of s - 16/(7 + x)?
2, 3
Let n(t) = -3*t**2 + 50*t - 19. Let b(i) = -i**2 + 17*i - 6. Let v(g) = 11*b(g) - 4*n(g). Let x be v(6). List the prime factors of x/12*3*-4.
2
Let j = 0 + 4. Let o(n) be the third derivative of n**5/20 - n**4/6 - 2*n**3/3 - 2*n**2 - 1. List the prime factors of o(j).
2, 7
Let c = 81 + 265. List the prime factors of c.
2, 173
Let s(a) = -a**3 - 15*a**2 + 3. Let p be s(-15). Suppose 88 - 301 = -p*m. List the prime factors of m.
71
Let h = 18 + -11. Let m(f) = f**3 - 7*f**2 + 3*f - 7. Let a be m(h). What are the prime factors of (-4 - a)*(-5)/3?
2, 3, 5
Let c(f) = -3*f - 16. Let o be c(-6). Suppose 14 = o*u - 26. Suppose -46 = -6*s + u. What are the prime factors of s?
11
Let h be -6 + (-2 - -2) + 1*3. What are the prime factors of ((-5)/2)/(h + 452/152)?
5, 19
Suppose -5*d + z - 378 + 3318 = 0, 0 = 4*d + 4*z - 2376. List the prime factors of d.
19, 31
Suppose 4*h + 3*z = 6*z + 74, 5*z + 70 = 4*h. Let x be (-2)/(-5) - (-176)/10. Suppose h*y = x*y + 86. What are the prime factors of y?
43
Let q(v) = 79*v**3 + 2*v**2 - 5*v + 4. Let r be q(1). Let g = -4 + r. What are the prime factors of g?
2, 19
Suppose u - 11 = -6, 3*r + 3*u = 21. Suppose 0 = 11*v - 8*v - 15. Suppose -6*d - r = -c - 3*d, -v*d - 6 = -2*c. What are the prime factors of c?
2
List the prime factors of (-3)/1*(-3734)/(-6)*-1.
1867
List the prime factors of 63/9 - -349 - (0 + -1).
3, 7, 17
Let x be 4/8*0/(-2). Suppose r + 4*d + 6 = -x, -3*d + 2 = 4*r. Suppose -33 = -3*a + o, 44 = 4*a - r*o + o. List the prime factors of a.
11
Suppose -5*b - 15 = 0, 0 = 4*i + 2*b + b - 7. List the prime factors of (-18436)/(-110) - i/(-10).
2, 3, 7
Let x(p) = 174*p**2 + 16*p - 36. List the prime factors of x(3).
2, 3, 263
Suppose -77000 = -49*g - 3647. List the prime factors of g.
3, 499
Suppose 5*h + 9 = -5*n - 1, 3*h - 3*n - 12 = 0. Let b be 4*h*(-6)/(-8). Suppose 0 = 5*w - 3*k - 16, -b*w + k = 2*k - 4. List the prime factors of w.
2
Let o = -12 - -12. Let l be (0 + o)*(-2 + 3). Suppose h - 9 = -l*h. List the prime factors of h.
3
Let v(d) = -24*d**3 - d. Let s be v(1). Let w = -87 + 33. Let u = s - w. List the prime factors of u.
29
Let b(u) = -u + 13. Let m be b(10). Suppose m - 20 = -p. List the prime factors of p.
17
Let k = -490 - -583. Let n be (-1)/(2*1/120). Let c = n + k. List the prime factors of c.
3, 11
Let g be 37 + 2/(2 - 3). Suppose 0 = -a + 2 + g. What are the prime factors of a?
37
Let g(a) = 2*a**2 + 15*a + 18. Let w(i) = i - 8. Let r be w(-3). List the prime factors of g(r).
5, 19
Let o(i) = 37*i - 367. Let s be o(10). Suppose 3*k = -2*k, 0 = 5*t + k - 410. Suppose -t = -s*f + f. What are the prime factors of f?
41
Suppose 0 = -5*t + 3*t + 10. Let u(g) = -6*g**2 + 3*g + 2. Let p be u(t). Let k = p - -188. What are the prime factors of k?
5, 11
Suppose 0*b + 484 = 4*b. Suppose 5*w = -189 - b. Let d = -37 - w. What are the prime factors of d?
5
Suppose -5*m + 6 = 2*l - 3*l, -3*l = 4*m - 20. Let i(n) = 8*n - n**3 + m*n**3 + 0 + 0*n**3 + 2 - 7*n**2. List the prime factors of i(6).
2, 7
Let w be ((-2)/(-4)*7 + -1)*2. Suppose 0 = 3*d + w*o - 7, 4*d - 4*o = 5*d + 7. List the prime factors of d.
3
Let p(s) = s**3 - 1. Let u(d) = 29*d**3 - 2*d**2 + 3*d + 9. Let v(n) = 6*p(n) + u(n). What are the prime factors of v(2)?
281
Let r = -935 + 2915. List the prime factors of r.
2, 3, 5, 11
Let k(c) = -c**3 + 4*c**2 - 6. Let r be k(4). What are the prime factors of r/(-8) + 5/(-20)*-77?
2, 5
Let o(j) = j**2 + 4*j - 3. Let n be o(-5). Suppose n*h = -0*h + 22. Let w = h - -8. List the prime factors of w.
19
Suppose 0 = -6*w + 2489 + 2761. Suppose -w = 25*i - 30*i. List the prime factors of i.
5, 7
Let w = -85 - -89. Suppose 0 = 4*f - 3*m - 4 - 12, 16 = w*m. What are the prime factors of f?
7
Suppose -5 = -4*j - 5*l, 2*j - 4*l + 2 = -2. Suppose j*v + 171 = v. What are the prime factors of v?
3, 19
Let p be -17*(-1)/(-2) - 15/(-10). Let w(v) = 5*v**2 + 5*v - 16. What are the prime factors of w(p)?
2, 97
Let j(u) = u**2 + 2*u - 225. List the prime factors of j(-39).
2, 3, 7, 29
Let k = -50 - -24. Let b = k - -86. What are the prime factors of b?
2, 3, 5
Let u(x) = 8*x**2 - 2*x - 1. Let s be u(-1). Let b(o) = o - 4. Let h 